 is 7 (base 9) in base 11?
7
What is -77 (base 16) in base 10?
-119
23 (base 4) to base 6
15
-2 (base 11) to base 14
-2
Convert 9 (base 16) to base 7.
12
Convert -405 (base 8) to base 16.
-105
What is 0 (base 4) in base 10?
0
233 (base 10) to base 11
1a2
What is 9 (base 14) in base 11?
9
-10002 (base 3) to base 4
-1103
Convert 0 (base 6) to base 9.
0
Convert -380 (base 9) to base 2.
-100111011
-34 (base 6) to base 12
-1a
-c7 (base 15) to base 16
-bb
What is -8 (base 14) in base 4?
-20
Convert 11 (base 3) to base 14.
4
What is -11 (base 2) in base 5?
-3
What is -4 (base 7) in base 6?
-4
What is -1 (base 15) in base 13?
-1
Convert 40 (base 6) to base 15.
19
1 (base 13) to base 5
1
Convert -3 (base 6) to base 12.
-3
48 (base 11) to base 5
202
What is 3 (base 8) in base 6?
3
-185 (base 11) to base 3
-21221
134 (base 7) to base 15
4e
What is -8 (base 14) in base 8?
-10
What is 7 (base 9) in base 12?
7
Convert 1b (base 14) to base 15.
1a
Convert c (base 14) to base 11.
11
Convert -35 (base 6) to base 10.
-23
1b (base 16) to base 2
11011
Convert 0 (base 6) to base 9.
0
-144 (base 7) to base 15
-56
Convert c7 (base 13) to base 7.
322
-2 (base 4) to base 16
-2
What is 101 (base 4) in base 7?
23
What is -10 (base 6) in base 7?
-6
Convert -2 (base 8) to base 12.
-2
-5 (base 12) to base 15
-5
Convert -13 (base 13) to base 8.
-20
Convert 13 (base 10) to base 13.
10
-2 (base 11) to base 14
-2
Convert 1 (base 3) to base 16.
1
What is -2 (base 11) in base 13?
-2
Convert 5 (base 12) to base 7.
5
Convert 89 (base 16) to base 10.
137
What is 0 (base 15) in base 10?
0
What is 21 (base 11) in base 16?
17
0 (base 6) to base 9
0
Convert 8 (base 15) to base 3.
22
What is -161 (base 10) in base 6?
-425
-2 (base 9) to base 13
-2
Convert -9 (base 10) to base 2.
-1001
Convert -5 (base 14) to base 4.
-11
Convert 155 (base 11) to base 10.
181
What is -18 (base 13) in base 12?
-19
What is 5 (base 9) in base 10?
5
113 (base 4) to base 5
43
Convert 41 (base 6) to base 2.
11001
What is 10 (base 6) in base 8?
6
What is -201 (base 3) in base 12?
-17
Convert 456 (base 8) to base 14.
178
11 (base 3) to base 2
100
What is 222 (base 7) in base 13?
8a
-11e (base 15) to base 11
-211
Convert -4 (base 15) to base 7.
-4
-7 (base 8) to base 12
-7
What is -37 (base 10) in base 2?
-100101
-1 (base 5) to base 9
-1
Convert -1011 (base 2) to base 9.
-12
What is 42 (base 11) in base 7?
64
71 (base 13) to base 4
1130
What is 5 (base 14) in base 6?
5
12 (base 3) to base 11
5
0 (base 10) to base 13
0
Convert 6a (base 11) to base 14.
56
Convert 17 (base 10) to base 16.
11
6 (base 10) to base 14
6
2 (base 7) to base 6
2
-14 (base 10) to base 13
-11
What is -1 (base 8) in base 5?
-1
Convert -14 (base 5) to base 11.
-9
-2020 (base 4) to base 15
-91
-1 (base 7) to base 12
-1
Convert 2222 (base 3) to base 2.
1010000
What is 2 (base 13) in base 7?
2
-3 (base 13) to base 16
-3
0 (base 3) to base 16
0
Convert -84 (base 9) to base 13.
-5b
What is 7 (base 15) in base 9?
7
3 (base 16) to base 12
3
What is 212 (base 3) in base 6?
35
What is 403 (base 6) in base 9?
173
Convert 9 (base 13) to base 4.
21
What is -4 (base 9) in base 8?
-4
-1011 (base 2) to base 14
-b
Convert 23 (base 10) to base 14.
19
Convert 1 (base 16) to base 6.
1
Convert -d (base 14) to base 13.
-10
What is -a (base 12) in base 9?
-11
2 (base 9) to base 16
2
0 (base 6) to base 13
0
What is 1042 (base 5) in base 2?
10010011
-11 (base 7) to base 13
-8
Convert -88 (base 14) to base 6.
-320
What is 0 (base 9) in base 7?
0
-3 (base 15) to base 8
-3
44 (base 15) to base 10
64
-202 (base 3) to base 11
-19
14 (base 7) to base 11
10
What is 2 (base 3) in base 15?
2
-1 (base 12) to base 5
-1
Convert 65 (base 15) to base 6.
235
What is -3b (base 14) in base 4?
-311
230 (base 7) to base 15
7e
What is 10 (base 8) in base 12?
8
Convert -b (base 12) to base 8.
-13
9 (base 11) to base 2
1001
Convert 35 (base 12) to base 4.
221
-100110 (base 2) to base 13
-2c
112 (base 3) to base 12
12
-202 (base 3) to base 2
-10100
What is 10 (base 2) in base 9?
2
What is -15 (base 14) in base 15?
-14
201 (base 4) to base 8
41
What is -9 (base 11) in base 6?
-13
103 (base 5) to base 7
40
-5 (base 16) to base 2
-101
Convert -3 (base 8) to base 7.
-3
What is 3 (base 6) in base 10?
3
What is 0 (base 15) in base 11?
0
What is 4e (base 15) in base 6?
202
Convert -3 (base 11) to base 16.
-3
Convert -4 (base 12) to base 11.
-4
What is b (base 15) in base 13?
b
-10 (base 4) to base 7
-4
What is 5 (base 7) in base 8?
5
Convert -204 (base 5) to base 10.
-54
Convert -10 (base 11) to base 9.
-12
1021 (base 3) to base 4
202
What is 2 (base 3) in base 5?
2
25 (base 11) to base 4
123
What is -1 (base 5) in base 14?
-1
What is -13 (base 12) in base 8?
-17
What is a (base 13) in base 9?
11
-11 (base 3) to base 6
-4
Convert -4 (base 8) to base 4.
-10
What is -10 (base 6) in base 13?
-6
Convert -2 (base 4) to base 3.
-2
What is -132 (base 4) in base 10?
-30
-41 (base 9) to base 7
-52
Convert 1223 (base 4) to base 14.
79
What is 32 (base 4) in base 6?
22
Convert cb (base 15) to base 13.
119
What is -10 (base 8) in base 10?
-8
What is 190 (base 13) in base 14?
166
Convert 20010 (base 3) to base 12.
119
What is 101000101 (base 2) in base 14?
193
7 (base 15) to base 13
7
What is -58 (base 13) in base 10?
-73
Convert -7 (base 14) to base 7.
-10
Convert -21 (base 14) to base 13.
-23
1010010 (base 2) to base 7
145
Convert 21 (base 6) to base 8.
15
Convert -433 (base 7) to base 13.
-13c
43 (base 11) to base 7
65
Convert 9 (base 13) to base 10.
9
What is 76 (base 15) in base 7?
216
What is -3 (base 9) in base 3?
-10
-2 (base 7) to base 14
-2
Convert 233 (base 4) to base 6.
115
Convert 12 (base 6) to base 16.
8
d1 (base 14) to base 6
503
-11 (base 4) to base 3
-12
What is -1100 (base 7) in base 8?
-610
What is 98 (base 16) in base 10?
152
Convert -6c (base 16) to base 9.
-130
3 (base 5) to base 16
3
What is b (base 14) in base 6?
15
Convert a (base 13) to base 14.
a
Convert 1 (base 3) to base 15.
1
What is 4 (base 8) in base 9?
4
What is 42 (base 10) in base 14?
30
What is 4 (base 11) in base 14?
4
Convert 101100101 (base 2) to base 15.
18c
85 (base 9) to base 11
70
-42 (base 14) to base 9
-64
100 (base 4) to base 2
10000
-33 (base 9) to base 2
-11110
What is 20 (base 7) in base 9?
15
4 (base 13) to base 15
4
20 (base 4) to base 8
10
110002 (base 3) to base 11
277
Convert -9 (base 14) to base 8.
-11
What is 0 (base 6) in base 15?
0
-37 (base 14) to base 16
-31
What is 110111 (base 2) in base 5?
210
-2d (base 16) to base 9
-50
Convert 28 (base 15) to base 5.
123
What is 0 (base 5) in base 6?
0
Convert 2 (base 4) to base 9.
2
-a (base 15) to base 3
-101
What is -30 (base 7) in base 5?
-41
1aa (base 14) to base 4
11122
5 (base 8) to base 9
5
Convert 10 (base 3) to base 16.
3
What is 31 (base 13) in base 8?
50
What is -12 (base 9) in base 15?
-b
What is -bb (base 16) in base 3?
-20221
What is 112 (base 3) in base 5?
24
What is 5 (base 15) in base 10?
5
Convert 225 (base 6) to base 3.
10022
12 (base 4) to base 7
6
What is -13 (base 15) in base 10?
-18
What is 11 (base 3) in base 11?
4
What is 1024 (base 5) in base 16?
8b
Convert 2 (base 6) to base 3.
2
What is 9 (base 10) in base 6?
13
What is 2 (base 13) in base 8?
2
151 (base 11) to base 6
453
15 (base 13) to base 6
30
43 (base 13) to base 16
37
What is -1 (base 2) in base 10?
-1
Convert 11 (base 2) to base 15.
3
What is 6 (base 13) in base 3?
20
Convert 113 (base 6) to base 15.
30
0 (base 15) to base 10
0
-213 (base 6) to base 4
-1101
-8 (base 14) to base 12
-8
What is -1 (base 6) in base 14?
-1
-31 (base 7) to base 13
-19
Convert -43 (base 5) to base 11.
-21
What is -121 (base 4) in base 8?
-31
Convert d (base 14) to base 3.
111
Convert -158 (base 9) to base 16.
-86
Convert 131 (base 10) to base 2.
10000011
-6 (base 10) to base 7
-6
What is -108 (base 11) in base 2?
-10000001
-31 (base 4) to base 6
-21
-261 (base 12) to base 2
-101101001
What is 0 (base 16) in base 2?
0
141 (base 10) to base 11
119
Convert -255 (base 8) to base 10.
-173
What is -1220 (base 3) in base 7?
-102
What is 5 (base 11) in base 8?
5
What is -1 (base 2) in base 13?
-1
Convert ae (base 15) to base 2.
10100100
What is 310 (base 8) in base 12?
148
What is 0 (base 16) in base 4?
